it of d?
8
Suppose -2*o + 20 + 348 = 0. What is the units digit of o?
4
What is the units digit of (-115)/(-46)*196/5?
8
Let o = 170 + 81. What is the hundreds digit of o?
2
Suppose -4*i = -0*i - 156. What is the units digit of i?
9
Let x be 34/(-1) - (-6)/3. What is the units digit of (-12)/(-54) + x/(-18)?
2
Let t be 5 + 2/3*-3. Let o be (t/4)/(1/12). Let g = o - 5. What is the units digit of g?
4
Let l(m) = 2*m**2 - m - 6. Let z be l(5). Let y = 17 - z. Let f = y + 31. What is the units digit of f?
9
Suppose 5*k + 41 - 166 = -3*a, 4*a - 2*k = 158. What is the tens digit of a?
4
Suppose -3*z + 7*z - 53 = 3*n, -3*n = 5*z + 8. Let q = 37 + -20. Let b = n + q. What is the units digit of b?
6
Let m(d) = -46*d**3 - d. Let p be (-1)/((-1)/(-3 - -2)). What is the tens digit of m(p)?
4
Let w = 25 - -42. What is the tens digit of w?
6
Let v(y) = y**2 + 5*y + 6. Let k be v(-4). Suppose 4*g + 4*z - k = -14, 0 = -2*z - 10. Suppose -11 = -g*i + 7. What is the units digit of i?
9
Suppose -2*i + 7 = 3. Suppose 4*o - 2*o + 3*q = 155, 0 = -5*o + 5*q + 325. Suppose i - o = -4*x. What is the units digit of x?
7
Let t = 41 - 19. What is the units digit of t?
2
Let q(l) = -l**2 + 2*l + 1. Let i be q(-1). What is the tens digit of 24/(-9)*(-13 + i)?
4
What is the units digit of ((-8)/6 + 1)*-366?
2
Suppose -28 - 8 = 4*b. Let y be -4 + b/(-2 - -5). What is the tens digit of 10/35 + (-138)/y?
2
Suppose 0 = 4*x + 4*a - 244, x - 5*a = 3*x - 107. What is the tens digit of x?
6
What is the units digit of 3/6*(2 - -12)?
7
Let b(a) = a**2 - 4*a + 5. Let o be b(4). Suppose 55 = 2*i - 3*y, o*y - 60 = -2*i + i. What is the tens digit of i?
3
What is the units digit of (-2484)/(-15) - (-2)/5?
6
Let r(v) = 8*v**2 + v**2 - 2 - 1 + 5 + 3*v. What is the units digit of r(-2)?
2
Suppose 5*o - 57 + 12 = 0. Let a = o - 3. What is the units digit of a?
6
Let q(t) = 6*t**3 - 4 - 7*t**3 + 0*t**3 - 4*t + 6*t**2. Let u be q(5). What is the units digit of (-2 + 3)/(u/5)?
5
Let h = -6 - -8. Suppose -8 - 4 = -h*p. What is the units digit of (1 + (-8)/p)*-3?
1
Let n = 1 - 1. Suppose -36 = -4*q + 4*a, n = 2*q + a + a - 38. What is the units digit of (q/4)/(5/10)?
7
Let g = 160 - 112. Suppose g = 2*v - 34. Suppose 0 = -3*u + 3*k + 54, 0 = 2*u + 3*k + 5 - v. What is the tens digit of u?
1
Suppose -2*b = -6*b + 268. What is the units digit of b?
7
Suppose 4*o - 10 = 2. Suppose 2*v + o*v = 80. What is the tens digit of v?
1
Let d(g) = 2*g - 10. Let f be d(7). Suppose 5*j + 11 = -f, 48 = 2*r + 2*j. What is the units digit of r?
7
Suppose 225 = 5*t + 4*q, -3*t = 5*q - 188 + 40. What is the tens digit of t?
4
Suppose -2*q = q + 5*o - 360, 2*q + 3*o = 239. What is the hundreds digit of q?
1
Let j = -11 - -11. Suppose j = -h - 0*h + 5. What is the units digit of h?
5
What is the tens digit of (-12)/(62/(-220) + (-8)/(-44))?
2
Let s(l) = -2*l + 34. Let b be s(0). Let r = b + -16. What is the tens digit of r?
1
Suppose h - 12 = -2*h. Let d(k) = -5 + 4 - k + k**2 + h. What is the units digit of d(0)?
3
Let c be 5/(-10) + 1/2. Suppose 0 = -c*v - 2*v + 10. What is the units digit of v?
5
Let l be (-858)/(-27) - (-2)/9. Suppose 3*x + 3 = -b + 19, -2*x + l = 2*b. What is the units digit of b?
6
Let l = -129 - -215. What is the units digit of l?
6
Suppose 3*c - 9 + 0 = 0. Suppose -4 = -c*x + x. What is the units digit of x?
2
Suppose 2*m + m = -18. Let z be ((-2)/4)/(3/m). What is the units digit of 2 + -1 - (-1 - z)?
3
Suppose 5*f - 3*f - 52 = 0. Suppose 0 = -z - 3*z + 5*q + 126, f = z - 4*q. Suppose 31 = 5*w - z. What is the tens digit of w?
1
Let u(x) = 50*x**2 - 3*x + 7. What is the hundreds digit of u(2)?
2
Let v(y) be the third derivative of y**7/5040 + y**6/240 - y**5/15 - 4*y**2. Let u(m) be the third derivative of v(m). What is the units digit of u(7)?
0
What is the units digit of -3*159/(-9) + -3?
0
Suppose -5*r + 6*r = 55. What is the units digit of r?
5
Suppose -2*f = -6*f + 52. Let d = f - 8. What is the units digit of d?
5
Suppose 0 = v + 8 - 0. Let q be v/(-12) + (-26)/(-6). Suppose q*a = -0*j - 4*j + 50, 2*a - 5*j - 20 = 0. What is the units digit of a?
0
Suppose -2 = -h + 1. Suppose w + h = 6. What is the units digit of w?
3
Let o = -214 - -286. What is the tens digit of o?
7
Let m be (-8)/8 + 43/1. Suppose 3*i - m = i. What is the units digit of i?
1
Let h(a) = a**2 + a + 4. Let x be h(4). Let p = x + -13. What is the tens digit of p?
1
Suppose -o = -0*o - 87. What is the tens digit of o/6 + (-2)/4?
1
Suppose -4*l + 5*l = 5. Let k = -3 + l. What is the units digit of k?
2
Let x(v) = -2*v - 7. Let s be x(-6). Let b(i) = 2 - 4*i**2 + s + 5*i**2. What is the units digit of b(0)?
7
Let b(j) = 8*j**3 - 6*j**2 + 6*j - 1. Let k(s) = s**2 - s. Let r(y) = -b(y) - 6*k(y). Let u be r(-1). Suppose -4*f - 25 = -u*f. What is the units digit of f?
5
Let d be 4/16 - (-223)/4. Let m(i) = i. Let h be m(4). Suppose -h*b - 5*y = -93, 3*b + 0*y + y = d. What is the tens digit of b?
1
Let p(m) = m**3 - 10*m**2 + 5*m + 12. Let l(a) = a + 1. Let v(b) = -l(b) - p(b). Let h(r) = 3*r**2 - r - 1. Let w be h(2). What is the tens digit of v(w)?
1
Suppose 12 = 2*g - 6. Let u = -8 + g. Let i = u + 0. What is the units digit of i?
1
What is the tens digit of 7/((-84)/(-8))*21?
1
Let m be -1 - 4/(-2) - 280. Let w be (30/(-9))/(2/m). What is the units digit of 4/(-14) - w/(-35)?
3
Let s(z) = z**2. Suppose 5*g - 2*o - 8 = 5, 0 = -3*g + 4*o + 5. What is the units digit of s(g)?
9
Let u = -8 - -13. Suppose -2*b + u*t = 2 - 7, 12 = 4*t. What is the units digit of b?
0
Let s = 13 + 2. Let k be (-40)/s*(-6)/4. Suppose -5*d = -4*l + 11, 0 = -l - k*d + 1 + 7. What is the units digit of l?
4
What is the hundreds digit of 239 + (-3)/((-12)/16)?
2
Suppose -29 = 3*m + 37. Let i(x) = x**3 - 4*x**2 + 3*x - 3. Let j be i(3). What is the units digit of (m/j)/(4/6)?
1
Suppose -2*b + 485 = 3*b. What is the tens digit of b?
9
Let h(c) = 2*c**3 - 7*c**2 + 5*c + 4. Let s be h(4). Let f(k) = k + 1. Let l be f(3). Suppose -4*g - l = -s. What is the units digit of g?
9
Let d(j) = -j**3 - 12*j**2 + 11*j - 18. What is the units digit of d(-13)?
8
Let w(k) = -k**3 + 6*k**2 + 6*k - 9. Let r be w(6). Let a = r - 10. What is the tens digit of a?
1
Suppose 3*d = 5*b + 22, b = 3*d - 8*d + 46. What is the units digit of d?
9
Suppose 3*i + 93 = 6*i. What is the units digit of i?
1
Suppose 6*h = 5*h + 43. Suppose h = 5*b + 8. What is the units digit of b?
7
What is the tens digit of ((-19)/(-2))/((-2)/(-4))?
1
Suppose 5 + 1 = 3*l. Suppose 0 = 5*m + 2*z - 60, 0 = 3*m + m + l*z - 50. What is the tens digit of m?
1
Let u = 11 - 8. What is the units digit of u?
3
Let t(d) = d - 5. Let w be (3 - 1)*(0 + 2). Let s = 11 - w. What is the units digit of t(s)?
2
Let h be 1/(3/((-18)/(-1))). Suppose -h*d + d + 35 = 0. What is the units digit of d?
7
Let s be (-2 + -12)/(1/(-2)). Let c = s - 18. What is the units digit of c?
0
Suppose 252 = 8*z - z. What is the tens digit of z?
3
Let t be 2/6 + (-24)/(-9). Suppose n = -b - 4, 4*b - t*n + 13 = -4*n. What is the units digit of (-44)/(-6) + (-2)/b?
8
Let w = -11 + 36. Suppose 4*z - w = -z. Let m = z - 0. What is the units digit of m?
5
Suppose 4 = -3*h + 7. What is the units digit of h/(1 - (-30)/(-31))?
1
Suppose 237 - 61 = 4*p. What is the tens digit of p?
4
Suppose 0*k + 4 = k. Suppose 0*u - 2*u = 6, 0 = k*c + 3*u - 143. What is the tens digit of c?
3
Suppose -3*g - 10 = 4*n + 10, 3*n + 15 = g. Suppose 3*d + 2*u + 10 = g, -u - u - 10 = -2*d. What is the tens digit of 14 - (d + 2/1)?
1
Suppose 0 = p - b + 5*b - 106, -2*p + 5*b = -251. What is the hundreds digit of p?
1
Let b(v) = -v**3 + 3*v**2 + 2*v + 4. Let m be b(3). What is the units digit of 9/(-15) + 276/m?
7
Suppose -25 = -5*b + 4*a, 5*b - 74 + 14 = -3*a. Suppose -3*q + b = -15. What is the units digit of q?
8
Let u(n) = -n**3 - 8*n**2 + 6. Suppose -4*w - 13 - 19 = 0. What is the units digit of u(w)?
6
Suppose -4*k + 5*u + 22 = 3*u, 0 = 4*k - u - 21. Suppose 3*d = k*d - 4. What is the tens digit of d/5 - 1030/(-50)?
2
Suppose 5*q - 2*z = 3*q + 14, 3*q = -3*z - 3. Suppose -59 = -5*r + q*b + 42, 5*b = 5*r - 105. What is the tens digit of r?
1
Suppose 28 = 3*w - 35. Suppose 0*h - w = -3*h. What is the units digit of h?
7
Let n be (-10)/((2/4)/1). Let j = 11 + n. W